{"id":19,"date":"2026-05-09T09:22:34","date_gmt":"2026-05-09T09:22:34","guid":{"rendered":"https:\/\/peromia.com\/?post_type=product&#038;p=19"},"modified":"2026-05-09T09:23:46","modified_gmt":"2026-05-09T09:23:46","slug":"olivacat-zeytin-cekirdeginden-uretilen-aktif-karbonlu-dogal-ve-tozsuz-kedi-kumu-8l-3-adet","status":"publish","type":"product","link":"http:\/\/peromia.com\/index.php\/urun\/olivacat-zeytin-cekirdeginden-uretilen-aktif-karbonlu-dogal-ve-tozsuz-kedi-kumu-8l-3-adet\/","title":{"rendered":"Olivacat Zeytin \u00c7ekirde\u011finden \u00dcretilen Aktif Karbonlu Do\u011fal ve Tozsuz Kedi Kumu 8L 3 Adet"},"content":{"rendered":"<h3>Aktif Karbon Teknolojisi<\/h3>\n<p>Olivacat kedi kumuna eklenen aktif karbon sayesinde k\u00f6t\u00fc kokular\u0131 an\u0131nda hapseder ve evinizin havas\u0131n\u0131 taze tutar. Aktif karbonun y\u00fcksek emme kapasitesi, kokular\u0131 etkili bir \u015fekilde yok eder, b\u00f6ylece eviniz her zaman ferah ve temiz kokar.<\/p>\n<h3>Tozsuz Kullan\u0131m<\/h3>\n<p>Olivacat kedi kumu tozsuz yap\u0131s\u0131 sayesinde kedinizin solunum yollar\u0131n\u0131 korur. Toz olu\u015fumunu minimize eden bu \u00f6zel form\u00fcl, hem sizin hem de kedinizin sa\u011fl\u0131\u011f\u0131n\u0131 d\u00fc\u015f\u00fcn\u00fcr. Tozsuz kullan\u0131m, kedi kumunun temizlenmesini de daha kolay hale getirir.<\/p>\n<h3>H\u0131zl\u0131 Topaklanma<\/h3>\n<p>S\u0131v\u0131y\u0131 h\u0131zla emerek an\u0131nda topaklanan Olivacat kedi kumu, temizlik i\u015flerini daha kolay ve etkili hale getirir. H\u0131zl\u0131 topaklanma \u00f6zelli\u011fi sayesinde, kedinizin tuvaletini temizlemek art\u0131k \u00e7ok daha pratik ve hijyeniktir.<\/p>\n<h3>%100 Do\u011fal ve Organik<\/h3>\n<p>Zeytin \u00e7ekirdeklerinden \u00fcretilen Olivacat kedi kumu, herhangi bir kimyasal i\u00e7ermez. %100 do\u011fal ve organik olan bu kedi kumu, kedilerinizin patileri ve solunum yollar\u0131 i\u00e7in g\u00fcvenlidir. Kimyasal i\u00e7ermeyen yap\u0131s\u0131, \u00e7evre dostu bir tercih yapman\u0131z\u0131 sa\u011flar.<\/p>\n<h3>Antibakteriyel<\/h3>\n<p>Olivacat kedi kumu, kedinizin sa\u011fl\u0131\u011f\u0131n\u0131 korumak i\u00e7in antibakteriyel ve antiparazitik \u00f6zellikler ta\u015f\u0131r. Bu \u00f6zellikler sayesinde kedinizin tuvaleti her zaman hijyenik ve sa\u011fl\u0131kl\u0131 kal\u0131r, zararl\u0131 bakteri ve parazitlerin \u00fcremesi engellenir.<\/p>\n<h3>Kullan\u0131m \u00d6nerileri<\/h3>\n<ol>\n<li><strong>Kedi Kum Kab\u0131n\u0131 Doldurun:<\/strong> Kedi kum kab\u0131n\u0131 yakla\u015f\u0131k 7cm derinli\u011finde Olivacat kedi kumu ile doldurun.<\/li>\n<li><strong>G\u00fcnl\u00fck Temizlik:<\/strong> Her g\u00fcn topaklanm\u0131\u015f k\u0131sm\u0131 alarak kedinizin hijyenini sa\u011flay\u0131n.<\/li>\n<li><strong>Kumu Yenileyin:<\/strong> Eksilmi\u015f olan kumu tekrar do\u011fal i\u00e7erikli Olivacat kedi kumu ile doldurun.<\/li>\n<\/ol>\n<p>Olivacat Aktif Karbonlu Kedi Kumu, kedinizin konforunu ve sa\u011fl\u0131\u011f\u0131n\u0131 \u00f6n planda tutarak en iyi deneyimi sunar. Evinizin havas\u0131n\u0131 taze tutan, tozsuz ve h\u0131zl\u0131 topaklanan bu do\u011fal \u00fcr\u00fcn ile kedinizin hijyenini en \u00fcst seviyede tutun.<\/p>\n","protected":false},"excerpt":{"rendered":"<p>Olivacat zeytin \u00e7ekirde\u011finden \u00fcretilen tozsuz, do\u011fal ve \u00e7evre dostu bir kedi kumudur. \u0130\u00e7erisindeki aktif karbonlar sayesinde k\u00f6t\u00fc kokuyu maksimum seviyede hapsederek kediniz ve sizin i\u00e7in konfor sa\u011flar. Y\u00fcksek emicilik kapasitesi sayesinde h\u0131zl\u0131 topaklanarak kolayca temizlenebilir. Olivacat aktif karbonlu tozsuz kedi kumu, kedinizin ve sizin sa\u011fl\u0131\u011f\u0131n\u0131 korumak amac\u0131yla %100 do\u011fal zeytin \u00e7ekirde\u011finden \u00fcretilmi\u015f hi\u00e7bir zararl\u0131 kimyasal i\u00e7ermeyen tamamen do\u011fal bir \u00fcr\u00fcnd\u00fcr.<\/p>\n","protected":false},"featured_media":40,"comment_status":"open","ping_status":"closed","template":"","meta":[],"product_brand":[],"product_cat":[17],"product_tag":[],"class_list":{"0":"post-19","1":"product","2":"type-product","3":"status-publish","4":"has-post-thumbnail","6":"product_cat-aktif-karbonlu-kedi-kumu","8":"first","9":"instock","10":"sale","11":"shipping-taxable","12":"purchasable","13":"product-type-simple"},"_links":{"self":[{"href":"http:\/\/peromia.com\/index.php\/wp-json\/wp\/v2\/product\/19","targetHints":{"allow":["GET"]}}],"collection":[{"href":"http:\/\/peromia.com\/index.php\/wp-json\/wp\/v2\/product"}],"about":[{"href":"http:\/\/peromia.com\/index.php\/wp-json\/wp\/v2\/types\/product"}],"replies":[{"embeddable":true,"href":"http:\/\/peromia.com\/index.php\/wp-json\/wp\/v2\/comments?post=19"}],"wp:featuredmedia":[{"embeddable":true,"href":"http:\/\/peromia.com\/index.php\/wp-json\/wp\/v2\/media\/40"}],"wp:attachment":[{"href":"http:\/\/peromia.com\/index.php\/wp-json\/wp\/v2\/media?parent=19"}],"wp:term":[{"taxonomy":"product_brand","embeddable":true,"href":"http:\/\/peromia.com\/index.php\/wp-json\/wp\/v2\/product_brand?post=19"},{"taxonomy":"product_cat","embeddable":true,"href":"http:\/\/peromia.com\/index.php\/wp-json\/wp\/v2\/product_cat?post=19"},{"taxonomy":"product_tag","embeddable":true,"href":"http:\/\/peromia.com\/index.php\/wp-json\/wp\/v2\/product_tag?post=19"}],"curies":[{"name":"wp","href":"https:\/\/api.w.org\/{rel}","templated":true}]}}