{"id":18,"date":"2026-05-09T09:22:33","date_gmt":"2026-05-09T09:22:33","guid":{"rendered":"https:\/\/peromia.com\/?post_type=product&#038;p=18"},"modified":"2026-05-09T09:23:42","modified_gmt":"2026-05-09T09:23:42","slug":"olivacat-zeytin-cekirdeginden-uretilen-dogal-ve-tozsuz-kedi-kumu-7-l-3-adet","status":"publish","type":"product","link":"http:\/\/peromia.com\/index.php\/urun\/olivacat-zeytin-cekirdeginden-uretilen-dogal-ve-tozsuz-kedi-kumu-7-l-3-adet\/","title":{"rendered":"Olivacat Zeytin \u00c7ekirde\u011finden \u00dcretilen Do\u011fal ve Tozsuz Kedi Kumu 7 L 3 Adet"},"content":{"rendered":"<p data-prosemirror-content-type=\"node\" data-prosemirror-node-name=\"paragraph\" data-prosemirror-node-block=\"true\" data-pm-slice=\"1 1 []\">Olivacat zeytin \u00e7ekirde\u011finden \u00fcretilen tozsuz, do\u011fal ve \u00e7evre dostu bir kedi kumudur. Y\u00fcksek emicilik kapasitesi sayesinde h\u0131zl\u0131 topaklan\u0131r ve k\u00f6t\u00fc kokular\u0131 hapseder. Olivacat, tamamen zeytin \u00e7ekirde\u011finden \u00fcretildi\u011fi i\u00e7in zaral\u0131 kimyasal i\u00e7ermez. Kedinizin patilerini koruyan, sa\u011fl\u0131\u011f\u0131na \u00f6nem veren konforlu bir \u00fcr\u00fcnd\u00fcr.<\/p>\n","protected":false},"excerpt":{"rendered":"<p>Olivacat zeytin \u00e7ekirde\u011finden \u00fcretilen tozsuz, do\u011fal ve \u00e7evre dostu bir kedi kumudur. Y\u00fcksek emicilik kapasitesi sayesinde h\u0131zl\u0131 topaklan\u0131r ve k\u00f6t\u00fc kokular\u0131 hapseder. Olivacat, tamamen zeytin \u00e7ekirde\u011finden \u00fcretildi\u011fi i\u00e7in zaral\u0131 kimyasal i\u00e7ermez. Kedinizin patilerini koruyan, sa\u011fl\u0131\u011f\u0131na \u00f6nem veren konforlu bir \u00fcr\u00fcnd\u00fcr.<\/p>\n","protected":false},"featured_media":38,"comment_status":"open","ping_status":"closed","template":"","meta":[],"product_brand":[],"product_cat":[16],"product_tag":[],"class_list":{"0":"post-18","1":"product","2":"type-product","3":"status-publish","4":"has-post-thumbnail","6":"product_cat-dogal-kedi-kumu","8":"first","9":"instock","10":"sale","11":"shipping-taxable","12":"purchasable","13":"product-type-simple"},"_links":{"self":[{"href":"http:\/\/peromia.com\/index.php\/wp-json\/wp\/v2\/product\/18","targetHints":{"allow":["GET"]}}],"collection":[{"href":"http:\/\/peromia.com\/index.php\/wp-json\/wp\/v2\/product"}],"about":[{"href":"http:\/\/peromia.com\/index.php\/wp-json\/wp\/v2\/types\/product"}],"replies":[{"embeddable":true,"href":"http:\/\/peromia.com\/index.php\/wp-json\/wp\/v2\/comments?post=18"}],"wp:featuredmedia":[{"embeddable":true,"href":"http:\/\/peromia.com\/index.php\/wp-json\/wp\/v2\/media\/38"}],"wp:attachment":[{"href":"http:\/\/peromia.com\/index.php\/wp-json\/wp\/v2\/media?parent=18"}],"wp:term":[{"taxonomy":"product_brand","embeddable":true,"href":"http:\/\/peromia.com\/index.php\/wp-json\/wp\/v2\/product_brand?post=18"},{"taxonomy":"product_cat","embeddable":true,"href":"http:\/\/peromia.com\/index.php\/wp-json\/wp\/v2\/product_cat?post=18"},{"taxonomy":"product_tag","embeddable":true,"href":"http:\/\/peromia.com\/index.php\/wp-json\/wp\/v2\/product_tag?post=18"}],"curies":[{"name":"wp","href":"https:\/\/api.w.org\/{rel}","templated":true}]}}